
True
Is 3 a factor of 6486?
True
Is 959 a multiple of 8?
False
Is 4 a factor of 284?
True
Is 15104 a multiple of 12?
False
Does 8 divide 768?
True
Is 898 a multiple of 45?
False
Is 936 a multiple of 11?
False
Is 3 a factor of 45?
True
Is 16 a factor of 8992?
True
Is 10 a factor of 80?
True
Is 9936 a multiple of 23?
True
Is 2285 a multiple of 24?
False
Is 8 a factor of 24913?
False
Does 4 divide 110?
False
Is 1130 a multiple of 38?
False
Does 28 divide 683?
False
Is 141725 a multiple of 25?
True
Is 47 a factor of 27150?
False
Does 47 divide 376?
True
Is 1232 a multiple of 16?
True
Is 1114 a multiple of 49?
False
Is 18 a factor of 132543?
False
Does 25 divide 1700?
True
Is 6699 a multiple of 33?
True
Does 35 divide 26606?
False
Does 52 divide 5096?
True
Is 62 a factor of 1709?
False
Is 498 a multiple of 13?
False
Does 10 divide 3958?
False
Is 123 a factor of 11869?
False
Does 87 divide 6177?
True
Does 12 divide 1246?
False
Is 21 a factor of 29610?
True
Is 12 a factor of 15012?
True
Is 45 a multiple of 9?
True
Does 24 divide 329?
False
Does 8 divide 251?
False
Is 2405 a multiple of 19?
False
Is 40 a factor of 1640?
True
Is 1411 a multiple of 65?
False
Is 2 a factor of 307?
False
Does 19 divide 133?
True
Is 14 a factor of 700?
True
Is 3848 a multiple of 104?
True
Is 10 a factor of 183?
False
Is 7 a factor of 77?
True
Does 43 divide 688?
True
Is 7 a factor of 463?
False
Does 37 divide 104895?
True
Is 58 a factor of 848?
False
Does 11 divide 5049?
True
Does 7 divide 403?
False
Is 445 a multiple of 28?
False
Does 4 divide 144?
True
Does 102 divide 13116?
False
Does 10 divide 28?
False
Is 18 a factor of 702?
True
Is 56 a factor of 11424?
True
Does 7 divide 30131?
False
Is 901 a multiple of 9?
False
Is 10355 a multiple of 38?
False
Is 17 a factor of 2601?
True
Does 11 divide 1254?
True
Is 74 a factor of 23976?
True
Is 58 a factor of 1450?
True
Is 56969 a multiple of 55?
False
Does 11 divide 55?
True
Is 13 a factor of 5077?
False
Does 20 divide 10200?
True
Does 10 divide 1258?
False
Does 7 divide 5877?
False
Does 7 divide 189?
True
Is 63497 a multiple of 329?
True
Is 810 a multiple of 162?
True
Is 625 a multiple of 14?
False
Is 20 a factor of 1121?
False
Does 5 divide 46320?
True
Is 63 a factor of 1062?
False
Does 29 divide 812?
True
Does 9 divide 324?
True
Is 40 a factor of 16000?
True
Does 10 divide 3620?
True
Is 423 a multiple of 10?
False
Is 14 a factor of 336?
True
Is 9 a factor of 558?
True
Is 21208 a multiple of 62?
False
Is 5612 a multiple of 144?
False
Is 15 a factor of 32287?
False
Is 14907 a multiple of 21?
False
Is 13 a factor of 167726?
True
Is 378 a multiple of 48?
False
Is 23166 a multiple of 13?
True
Is 115 a factor of 93910?
False
Is 1369 a multiple of 12?
False
Is 63 a factor of 5229?
True
Does 7 divide 3300?
False
Does 63 divide 8001?
True
Is 28 a factor of 196?
True
Is 10 a factor of 880?
True
Is 62 a factor of 6262?
True
Does 10 divide 51650?
True
Does 9 divide 117543?
False
Does 22 divide 110?
True
Does 7 divide 66?
False
Is 36 a multiple of 3?
True
Is 4018 a multiple of 49?
True
Is 28071 a multiple of 9?
True
Does 13 divide 312?
True
Is 2408 a multiple of 56?
True
Is 1112 a multiple of 2?
True
Is 10 a factor of 76?
False
Does 95 divide 241?
False
Is 10 a factor of 1490?
True
Is 396 a multiple of 36?
True
Is 5040 a multiple of 9?
True
Is 3670 a multiple of 7?
False
Is 15 a factor of 1695?
True
Is 77 a factor of 1262?
False
Does 21 divide 1574?
False
Does 22 divide 8194?
False
Is 6 a factor of 276?
True
Does 32 divide 928?
True
Is 7 a factor of 3227?
True
Is 720 a multiple of 9?
True
Does 36 divide 31254?
False
Is 3810 a multiple of 10?
True
Is 34 a factor of 68?
True
Is 17 a factor of 1385?
False
Is 15390 a multiple of 18?
True
Does 17 divide 29105?
False
Does 11 divide 4103?
True
Does 21 divide 7308?
True
Does 185 divide 113035?
True
Is 3446 a multiple of 14?
False
Is 8336 a multiple of 8?
True
Does 63 divide 1654?
False
Is 8602 a multiple of 17?
True
Is 3379 a multiple of 29?
False
Is 14 a factor of 2394?
True
Does 11 divide 2362?
False
Is 41 a factor of 14678?
True
Is 380 a multiple of 19?
True
Is 4287 a multiple of 52?
False
Does 35 divide 6801?
False
Does 57 divide 38589?
True
Is 30272 a multiple of 86?
True
Does 17 divide 3070?
False
Is 15 a factor of 175?
False
Is 1934 a multiple of 10?
False
Is 14 a multiple of 4?
False
Is 28 a multiple of 2?
True
Does 21 divide 4906?
False
Is 3 a factor of 1244?
False
Is 442 a multiple of 13?
True
Does 43 divide 1619?
False
Is 7 a factor of 1694?
True
Does 22 divide 1540?
True
Is 7 a factor of 9604?
True
Is 37076 a multiple of 23?
True
Is 15 a factor of 4920?
True
Does 67 divide 1514?
False
Is 41 a factor of 5207?
True
Is 53 a factor of 7524?
False
Is 412 a multiple of 88?
False
Does 3 divide 15396?
True
Is 63 a factor of 4095?
True
Does 20 divide 735?
False
Does 36 divide 2520?
True
Does 149 divide 20264?
True
Does 351 divide 132327?
True
Does 7 divide 756?
True
Is 2327 a multiple of 124?
False
Is 217 a multiple of 6?
False
Does 18 divide 285?
False
Does 45 divide 13005?
True
Does 32 divide 10784?
True
Does 67 divide 1670?
False
Is 406 a multiple of 58?
True
Is 3 a factor of 14979?
True
Is 5187 a multiple of 57?
True
Is 3475 a multiple of 35?
False
Is 72 a factor of 8280?
True
Is 113 a factor of 44073?
False
Does 22 divide 45?
False
Is 112 a factor of 256?
False
Is 3 a factor of 3071?
False
Does 5 divide 12516?
False
Is 31494 a multiple of 13?
False
Is 33 a factor of 21289?
False
Is 33 a factor of 957?
True
Is 36 a factor of 5436?
True
Does 158 divide 16116?
True
Is 25 a factor of 37600?
True
Does 15 divide 3585?
True
Does 96 divide 190?
False
Is 2 a factor of 6?
True
Does 34 divide 261?
False
Does 32 divide 98?
False
Does 9 divide 958?
False
Is 14 a factor of 9007?
False
Is 1511 a multiple of 29?
False
Is 20 a factor of 3890?
False
Does 44 divide 5412?
True
Is 31671 a multiple of 23?
True
Does 9 divide 136?
False
Is 35 a factor of 12740?
True
Is 5341 a multiple of 49?
True
Is 3 a factor of 751?
False
Is 15 a factor of 1875?
True
Is 16 a factor of 5657?
False
Is 19 a factor of 2584?
True
Is 46 a factor of 11484?
False
Is 9 a factor of 18218?
False
Is 10140 a multiple of 73?
False
Does 8 divide 49?
False
Is 18390 a multiple of 10?
True
Does 3 divide 1807?
False
Is 1325 a multiple of 12?
False
Is 35 a factor of 33772?
False
Is 6 a factor of 5905?
False
Is 49776 a multiple of 12?
True
Is 38676 a multiple of 66?
True
Does 38 divide 4104?
True
Is 116 a factor of 2552?
True
Is 17 a factor of 29675?
False
Is 618 a multiple of 5?
False
Is 3 a factor of 48?
True
Is 16 a factor of 80?
True
Does 21 divide 525?
True
Is 31 a factor of 3007?
True
Is 1485 a multiple of 132?
False
Is 3 a factor of 75?
True
Does 337 divide 102770?
False
Is 168 a factor of 2016?
True
Is 66 a factor of 10803?
False
Does 104 divide 2944?
False
Is 101 a factor of 303?
True
Is 64 a factor of 13632?
True
Is 821 a multiple of 22?
False
Is 1668 a multiple of 72?
False
Does 7 divide 845?
False
Is 17 a factor of 93425?
False
Is 1401 a multiple of 39?
False
Is 923 even?
False
Does 14 divide 8191?
False
Does 31 divide 1851?
False
Is 2622 a multiple of 57?
True
Is 16 a factor of 8528?
True
Is 2 a factor of 510?
True
Is 98 a factor of 541?
False
Does 79 divide 27100?
False
Is 116 a multiple of 116?
True
Is 105 a multiple of 11?
False
Is 28 a factor of 8036?
True
Is 1080 a multiple of 12?
True
Does 23 divide 2846?
False
Is 897 a multiple of 17?
False
Does 7 divide 4829?
False
Is 19727 a multiple of 278?
False
Is 6 a factor of 417?
False
Does 17 divide 5508?
True
Is 222 a factor of 34188?
True
Is 99 a factor of 3722?
False
Is 7 a factor of 8491?
True
Does 17 divide 255?
True
Is 293 even?
False
Does 15 divide 5980?
False
Does 27 divide 513?
True
Is 85 a factor of 13770?
True
Is 68 a factor of 9963?
False
Does 5 divide 95?
True
Is 1395 a multiple of 9?
True
Does 75 divide 5925?
True
Does 14 divide 239?
False
Is 301 a multiple of 15?
False
Is 10 a factor of 120?
True
Does 29 divide 66294?
True
Is 191 a factor of 382?
True
Does 18 divide 41526?
True
Is 3 a factor of 93?
True
Is 10 a factor of 26780?
True
Does 52 divide 9068?
False
Does 134 divide 2412?
True
Is 16 a factor of 32352?
True
Is 107 a factor of 25038?
True
Is 572 a multiple 